t the prime factors of 3586.
2, 11, 163
List the prime factors of 719.
719
What are the prime factors of 823?
823
List the prime factors of 984.
2, 3, 41
List the prime factors of 6482.
2, 7, 463
What are the prime factors of 59571?
3, 6619
List the prime factors of 185.
5, 37
List the prime factors of 166196.
2, 41549
List the prime factors of 38553.
3, 71, 181
List the prime factors of 181954.
2, 90977
List the prime factors of 89810.
2, 5, 7, 1283
List the prime factors of 36032.
2, 563
What are the prime factors of 3554?
2, 1777
List the prime factors of 4635.
3, 5, 103
What are the prime factors of 733?
733
What are the prime factors of 575?
5, 23
List the prime factors of 1492.
2, 373
List the prime factors of 7774.
2, 13, 23
What are the prime factors of 29202?
2, 3, 31, 157
List the prime factors of 401.
401
List the prime factors of 5237.
5237
List the prime factors of 57490.
2, 5, 5749
What are the prime factors of 1721?
1721
List the prime factors of 1360.
2, 5, 17
List the prime factors of 1986.
2, 3, 331
List the prime factors of 3943.
3943
List the prime factors of 16160.
2, 5, 101
List the prime factors of 89383.
7, 113
List the prime factors of 2854.
2, 1427
List the prime factors of 79028.
2, 23, 859
List the prime factors of 5358.
2, 3, 19, 47
List the prime factors of 2833.
2833
What are the prime factors of 22351?
7, 31, 103
List the prime factors of 5528.
2, 691
What are the prime factors of 1493?
1493
What are the prime factors of 2512?
2, 157
What are the prime factors of 1468?
2, 367
What are the prime factors of 19829?
79, 251
What are the prime factors of 21663?
3, 29, 83
List the prime factors of 830.
2, 5, 83
List the prime factors of 1416.
2, 3, 59
What are the prime factors of 21953?
29, 757
List the prime factors of 9787.
9787
List the prime factors of 26557.
26557
List the prime factors of 37141.
13, 2857
What are the prime factors of 10422?
2, 3, 193
What are the prime factors of 6625?
5, 53
What are the prime factors of 110082?
2, 3, 7, 2621
List the prime factors of 29560.
2, 5, 739
List the prime factors of 5979.
3, 1993
What are the prime factors of 3258?
2, 3, 181
What are the prime factors of 22056?
2, 3, 919
List the prime factors of 388.
2, 97
What are the prime factors of 10420?
2, 5, 521
List the prime factors of 855.
3, 5, 19
List the prime factors of 2279.
43, 53
List the prime factors of 11711.
7, 239
What are the prime factors of 20?
2, 5
What are the prime factors of 142056?
2, 3, 1973
What are the prime factors of 8548?
2, 2137
What are the prime factors of 21411?
3, 13, 61
List the prime factors of 22835.
5, 4567
What are the prime factors of 234?
2, 3, 13
List the prime factors of 4096.
2
What are the prime factors of 21673?
21673
List the prime factors of 299.
13, 23
What are the prime factors of 1155?
3, 5, 7, 11
List the prime factors of 15.
3, 5
What are the prime factors of 1066?
2, 13, 41
List the prime factors of 2369.
23, 103
What are the prime factors of 3688?
2, 461
What are the prime factors of 190?
2, 5, 19
What are the prime factors of 3349?
17, 197
List the prime factors of 21536.
2, 673
What are the prime factors of 810?
2, 3, 5
What are the prime factors of 5664?
2, 3, 59
What are the prime factors of 1743?
3, 7, 83
What are the prime factors of 9558?
2, 3, 59
List the prime factors of 2101.
11, 191
What are the prime factors of 882?
2, 3, 7
List the prime factors of 17704.
2, 2213
What are the prime factors of 126?
2, 3, 7
List the prime factors of 17926.
2, 8963
List the prime factors of 70365.
3, 5, 4691
What are the prime factors of 4079?
4079
What are the prime factors of 731?
17, 43
What are the prime factors of 19829?
79, 251
List the prime factors of 2116.
2, 23
List the prime factors of 1077.
3, 359
List the prime factors of 1020.
2, 3, 5, 17
What are the prime factors of 874?
2, 19, 23
List the prime factors of 1647.
3, 61
List the prime factors of 8855.
5, 7, 11, 23
What are the prime factors of 4512?
2, 3, 47
List the prime factors of 517.
11, 47
What are the prime factors of 325?
5, 13
List the prime factors of 16685.
5, 47, 71
List the prime factors of 2293.
2293
What are the prime factors of 6290?
2, 5, 17, 37
What are the prime factors of 5480?
2, 5, 137
List the prime factors of 2936.
2, 367
What are the prime factors of 13719?
3, 17, 269
What are the prime factors of 693?
3, 7, 11
List the prime factors of 471.
3, 157
What are the prime factors of 43997?
43997
List the prime factors of 36789.
3, 12263
What are the prime factors of 1435?
5, 7, 41
List the prime factors of 144.
2, 3
List the prime factors of 1682.
2, 29
What are the prime factors of 6786?
2, 3, 13, 29
What are the prime factors of 1247?
29, 43
List the prime factors of 27290.
2, 5, 2729
What are the prime factors of 8029?
7, 31, 37
What are the prime factors of 3362?
2, 41
List the prime factors of 29582.
2, 7, 2113
List the prime factors of 4245.
3, 5, 283
List the prime factors of 17534.
2, 11, 797
What are the prime factors of 8706?
2, 3, 1451
What are the prime factors of 295?
5, 59
List the prime factors of 9737.
7, 13, 107
What are the prime factors of 1682?
2, 29
List the prime factors of 3908.
2, 977
What are the prime factors of 3095?
5, 619
What are the prime factors of 325?
5, 13
What are the prime factors of 894?
2, 3, 149
What are the prime factors of 30745?
5, 11, 13, 43
List the prime factors of 41.
41
What are the prime factors of 31099?
137, 227
List the prime factors of 2199.
3, 733
List the prime factors of 4778.
2, 2389
What are the prime factors of 3215?
5, 643
List the prime factors of 199.
199
What are the prime factors of 5270?
2, 5, 17, 31
List the prime factors of 92003.
92003
List the prime factors of 21065.
5, 11, 383
What are the prime factors of 853?
853
What are the prime factors of 85003?
167, 509
List the prime factors of 1318.
2, 659
What are the prime factors of 12838?
2, 7, 131
What are the prime factors of 9583?
7, 37
What are the prime factors of 86894?
2, 23, 1889
What are the prime factors of 2607?
3, 11, 79
List the prime factors of 17384.
2, 41, 53
List the prime factors of 496.
2, 31
What are the prime factors of 48038?
2, 24019
List the prime factors of 38187.
3, 4243
List the prime factors of 15246.
2, 3, 7, 11
What are the prime factors of 33955?
5, 6791
List the prime factors of 71447.
37, 1931
List the prime factors of 43425.
3, 5, 193
What are the prime factors of 16267?
16267
List the prime factors of 2370.
2, 3, 5, 79
What are the prime factors of 6050?
2, 5, 11
What are the prime factors of 861?
3, 7, 41
List the prime factors of 20414.
2, 59, 173
List the prime factors of 435.
3, 5, 29
List the prime factors of 168.
2, 3, 7
What are the prime factors of 24004?
2, 17, 353
What are the prime factors of 83?
83
What are the prime factors of 31083?
3, 13, 797
List the prime factors of 1967.
7, 281
What are the prime factors of 4006?
2, 2003
List the prime factors of 15210.
2, 3, 5, 13
What are the prime factors of 12021?
3, 4007
List the prime factors of 2182.
2, 1091
List the prime factors of 536.
2, 67
List the prime factors of 3453.
3, 1151
List the prime factors of 26747.
7, 3821
What are the prime factors of 6893?
61, 113
What are the prime factors of 18903?
3, 6301
What are the prime factors of 7277?
19, 383
What are the prime factors of 6531?
3, 7, 311
List the prime factors of 96422.
2, 37, 1303
What are the prime factors of 53837?
7, 7691
List the prime factors of 9257.
9257
List the prime factors of 104491.
104491
List the prime factors of 550.
2, 5, 11
List the prime factors of 819.
3, 7, 13
What are the prime factors of 16249?
16249
What are the prime factors of 4304?
2, 269
What are the prime factors of 993?
3, 331
List the prime factors of 24781.
24781
List the prime factors of 36696.
2, 3, 11, 139
What are the prime factors of 1353?
3, 11, 41
List the prime factors of 659.
659
List the prime factors of 57196.
2, 79, 181
What are the prime factors of 1031?
1031
What are the prime factors of 1908?
2, 3, 53
List the prime factors of 4179.
3, 7, 199
What are the prime factors of 29722?
2, 7, 11, 193
List the prime factors of 5676.
2, 3, 11, 43
What are the prime factors of 6774?
2, 3, 1129
What are the prime factors of 14009?
14009
